 122 (base 16) in base 8?
442
-6b24 (base 15) to base 9
-34187
-751 (base 8) to base 2
-111101001
What is -9be (base 16) in base 4?
-212332
4192 (base 10) to base 7
15136
-463 (base 11) to base 4
-20221
What is 383 (base 15) in base 10?
798
Convert -11bd (base 16) to base 8.
-10675
Convert -11513 (base 10) to base 9.
-16712
What is 691 (base 10) in base 16?
2b3
Convert -21102122 (base 3) to base 6.
-41025
What is -8c7 (base 13) in base 2?
-10111101011
Convert 6310 (base 7) to base 2.
100010100100
What is 260 (base 16) in base 4?
21200
What is -18d (base 14) in base 13?
-1b9
-4bb8 (base 13) to base 5
-321143
What is 29c (base 14) in base 12?
382
Convert 265 (base 12) to base 5.
2430
1111001010101010 (base 2) to base 5
3441442
-1074 (base 9) to base 6
-3404
What is -1100100020 (base 3) in base 10?
-26493
What is 234 (base 14) in base 4?
12312
-105554 (base 8) to base 16
-8b6c
-11053 (base 6) to base 8
-3011
312132 (base 5) to base 8
24064
Convert 226 (base 12) to base 13.
1b6
3708 (base 11) to base 3
20122120
Convert -10075 (base 11) to base 16.
-3983
What is -46b1 (base 16) in base 15?
-5567
What is 8aa (base 11) in base 6?
5012
Convert -1210131 (base 4) to base 7.
-24513
821 (base 14) to base 6
11221
What is -1132103 (base 4) in base 16?
-1793
12610 (base 8) to base 14
201a
Convert -1bc (base 15) to base 5.
-3102
What is 1363 (base 14) in base 7?
12653
-10969 (base 10) to base 16
-2ad9
Convert 2511 (base 11) to base 8.
6317
Convert 1001111001111 (base 2) to base 12.
2b27
What is -1001100202 (base 3) in base 13?
-9545
-132b7 (base 12) to base 16
-66eb
-1450 (base 7) to base 11
-482
What is -1002120 (base 3) in base 7?
-2220
What is 1122 (base 9) in base 4?
30332
Convert 333 (base 10) to base 9.
410
What is -6643 (base 7) in base 4?
-211033
-5a0 (base 11) to base 12
-4b7
Convert 14c6 (base 13) to base 5.
44120
What is 37c (base 15) in base 3?
1002100
What is -30131 (base 8) in base 3?
-121222102
Convert 446 (base 8) to base 10.
294
Convert 1033 (base 4) to base 14.
59
Convert 403b (base 12) to base 8.
15457
What is 27c7 (base 14) in base 10?
7035
Convert b8 (base 13) to base 9.
177
Convert -3410 (base 5) to base 4.
-13200
Convert 9a8 (base 12) to base 6.
10332
540 (base 7) to base 2
100010001
-322035 (base 6) to base 14
-987d
Convert 104 (base 5) to base 9.
32
196a (base 14) to base 2
1000111111010
5473 (base 11) to base 9
10811
Convert -910 (base 12) to base 13.
-798
What is 8b10 (base 13) in base 6?
230012
1421 (base 12) to base 4
210121
-ab (base 13) to base 14
-a1
Convert -a85b (base 13) to base 8.
-55546
Convert -3462 (base 13) to base 9.
-11063
Convert 385b (base 12) to base 2.
1100100000111
Convert 14122 (base 5) to base 10.
1162
101332 (base 6) to base 3
102010202
What is -40c2 (base 15) in base 10?
-13682
Convert -212033 (base 4) to base 3.
-10100122
22022 (base 5) to base 15
6ac
Convert -312145 (base 6) to base 3.
-1021110102
What is -100122 (base 3) in base 12?
-198
-27b0 (base 13) to base 12
-3388
Convert 201143 (base 5) to base 13.
2c01
What is -10100110100 (base 2) in base 6?
-10100
-10121230 (base 4) to base 13
-828a
Convert -3d45 (base 14) to base 16.
-2a59
Convert -106234 (base 7) to base 6.
-223524
What is 16024 (base 8) in base 6?
53140
Convert -282 (base 9) to base 5.
-1421
1b598 (base 12) to base 9
61588
What is -12120201 (base 3) in base 8?
-7745
Convert -75018 (base 9) to base 15.
-ea5e
What is 333213 (base 5) in base 6?
130031
Convert -44420 (base 7) to base 9.
-16308
36263 (base 8) to base 4
3302303
What is -21000 (base 5) in base 10?
-1375
-3c7 (base 15) to base 10
-862
Convert 80 (base 11) to base 13.
6a
Convert -2724 (base 9) to base 7.
-5653
What is -4aa (base 16) in base 5?
-14234
1111102 (base 3) to base 2
10001000011
What is -156044 (base 7) in base 3?
-1120101112
What is -5cc (base 16) in base 13?
-8a2
What is 202200 (base 3) in base 10?
558
67520 (base 9) to base 5
2414032
Convert -17ca7 (base 14) to base 8.
-165333
What is -e82 (base 15) in base 11?
-2505
Convert -1809 (base 10) to base 9.
-2430
What is 1c18 (base 14) in base 12?
2b66
Convert -47a (base 11) to base 8.
-1073
What is -e61 (base 15) in base 2?
-110010101001
What is -966 (base 12) in base 2?
-10101011110
9861 (base 10) to base 6
113353
Convert -788 (base 16) to base 9.
-2572
Convert -25b (base 14) to base 8.
-731
Convert 55317 (base 8) to base 5.
1220442
-10203212 (base 4) to base 10
-18662
Convert -3634 (base 8) to base 6.
-13004
What is -20347 (base 9) in base 16?
-3460
-82b6 (base 15) to base 6
-331513
What is 190 (base 10) in base 3?
21001
What is -60b (base 16) in base 4?
-120023
233422 (base 5) to base 15
2842
Convert 1300441 (base 6) to base 16.
11209
Convert b75 (base 12) to base 14.
877
What is 59f5 (base 16) in base 2?
101100111110101
What is -13501 (base 7) in base 15?
-1151
Convert 3202010 (base 5) to base 16.
d084
20d (base 15) to base 11
391
What is -5452 (base 8) in base 12?
-17a2
39854 (base 12) to base 14
20ad2
What is -21122311 (base 4) in base 2?
-1001011010110101
-2122 (base 4) to base 13
-bb
What is -13602 (base 8) in base 10?
-6018
Convert 1022321 (base 5) to base 3.
212121110
Convert -166 (base 9) to base 10.
-141
-10320001 (base 4) to base 5
-1114334
648 (base 11) to base 4
30022
a2a (base 11) to base 4
103122
38 (base 16) to base 5
211
What is 46bd (base 15) in base 3?
202121121
7e (base 16) to base 12
a6
-664 (base 12) to base 3
-1021211
Convert -445 (base 15) to base 4.
-33011
Convert -16576 (base 12) to base 10.
-31914
Convert 1010110101101 (base 2) to base 12.
3265
4cd (base 16) to base 14
63b
Convert 857 (base 10) to base 2.
1101011001
Convert -1770 (base 11) to base 4.
-203033
24143 (base 5) to base 8
3406
What is -851e (base 15) in base 7?
-145040
What is -504 (base 9) in base 15?
-1c4
Convert 163 (base 7) to base 13.
73
Convert -112000 (base 3) to base 15.
-1a3
What is -1a3b (base 14) in base 11?
-3635
111010000 (base 2) to base 8
720
What is 1000101000 (base 2) in base 5?
4202
12112 (base 9) to base 3
102010102
What is -312320 (base 4) in base 9?
-4732
-10663 (base 8) to base 15
-1521
94 (base 16) to base 15
9d
What is 1752 (base 10) in base 3?
2101220
What is -35 (base 8) in base 9?
-32
What is -771 (base 11) in base 4?
-32131
Convert 10403 (base 5) to base 7.
2060
Convert -26 (base 7) to base 6.
-32
100 (base 16) to base 6
1104
Convert -713 (base 10) to base 15.
-328
Convert -20101001 (base 3) to base 6.
-33301
10010010 (base 2) to base 7
266
12dd (base 16) to base 5
123304
What is -12dc (base 14) in base 5?
-101310
1111110101011 (base 2) to base 4
1332223
Convert 33b7 (base 12) to base 15.
1a8a
-1001201202 (base 3) to base 16
-51d1
22121 (base 5) to base 15
6c6
Convert -10313013 (base 4) to base 13.
-90a8
What is 10001101110 (base 2) in base 10?
1134
-121163 (base 7) to base 12
-10912
2ed3 (base 15) to base 7
41304
What is 2132013 (base 5) in base 10?
36508
Convert -1166 (base 13) to base 7.
-10100
What is -626 (base 12) in base 6?
-4050
What is 1011110 (base 4) in base 7?
15635
What is 3320 (base 4) in base 8?
370
Convert -158d (base 15) to base 13.
-2155
Convert 451 (base 13) to base 16.
2e6
-62 (base 13) to base 15
-55
What is -98 (base 14) in base 6?
-342
-2b5a (base 12) to base 13
-2431
Convert 201202 (base 5) to base 12.
3877
912 (base 11) to base 13
66a
-194 (base 14) to base 11
-277
674 (base 14) to base 13
774
-38190 (base 12) to base 8
-224774
Convert 30233 (base 4) to base 6.
3435
-10c93 (base 14) to base 15
-c1b7
Convert 447 (base 9) to base 4.
11233
What is 34399 (base 11) in base 8?
141066
What is 1a20 (base 16) in base 10?
6688
b3 (base 12) to base 13
a5
2ba (base 12) to base 6
1554
What is -29373 (base 11) in base 4?
-22023220
What is 142444 (base 5) in base 9?
8205
100110010100001 (base 2) to base 8
46241
1044113 (base 5) to base 15
57dd
Convert 5782 (base 11) to base 13.
35c0
Convert -10743 (base 8) to base 12.
-2797
What is -1416 (base 9) in base 5?
-13233
Convert 230 (base 16) to base 9.
682
What is -d108 (base 16) in base 13?
-1b484
What is -1213312 (base 4) in base 11?
-4aa2
Convert 2193 (base 11) to base 12.
1805
Convert -111012 (base 5) to base 14.
-15b4
What is 205345 (base 6) in base 10?
16769
-267 (base 16) to base 6
-2503
Convert -139c (base 15) to base 5.
-113242
Convert -2634 (